3*n. Suppose -9 = -2*d + 3. Let i be 4*1/4*d. What is the highest common factor of n and i?
6
Let y be 2 + 13/(13/6). Calculate the highest common factor of 72 and y.
8
Let o = 121 - 6. Suppose o = v - 5*k, 4*k = -2 - 10. Let s(f) = -f**3 + 7*f**2 - 3*f + 5. Let w be s(5). What is the highest common factor of v and w?
20
Suppose 26*s - 1080 = 8*s. Suppose -45 = -2*b + i, -69 = -5*b - 2*i + 57. What is the highest common divisor of b and s?
12
Let b be (1/2)/((-6)/(-24)). Suppose -b*r + 2 = -34. Calculate the greatest common divisor of 90 and r.
18
Suppose -2*r + 6 = -18. What is the greatest common factor of 8 and r?
4
Let s = 35 + -10. Let j = 705 - 480. Calculate the greatest common divisor of s and j.
25
Let q = -2 - -10. Calculate the highest common divisor of q and 32.
8
Let i(o) = o**2 - 12*o + 28. Let g be i(14). What is the highest common factor of 196 and g?
28
Suppose -2*h - 2*h = -196. What is the greatest common divisor of h and 49?
49
Let m = 34 - 22. What is the greatest common divisor of 36 and m?
12
Suppose -4*f + 1 + 3 = 0. Calculate the greatest common divisor of 7 and f.
1
Suppose n - 97 = -3*m, 5*m - 159 = -2*n + 3*n. Suppose -67 = -2*w + 5*y, w + 2*y = 6*y + m. Calculate the greatest common divisor of 4 and w.
4
Suppose -12 = 4*o - 372. Calculate the highest common divisor of o and 18.
18
Let a = -15 - -141. Calculate the highest common factor of 14 and a.
14
Let d be ((-5)/(-2))/(3/24*4). What is the highest common divisor of 20 and d?
5
Suppose -5*m - 12 = -j - 0, -2*m = -8. Calculate the highest common factor of 16 and j.
16
Let k = 161 + -105. Calculate the highest common factor of k and 8.
8
Let z = 10 - -2. What is the highest common factor of 72 and z?
12
Suppose 0 = 6*b - 212 - 124. What is the greatest common factor of 14 and b?
14
Suppose 3*t + 2 - 16 = v, 4*v - 2*t + 26 = 0. Let m be v/2*(-12)/1. Let h(l) = 10*l. Let g be h(1). Calculate the greatest common factor of m and g.
10
Suppose 5*o = -0*o - 4*f + 38, -f = -5*o + 28. Suppose o = -2*z + 3*z. Let y = -1 - -3. What is the greatest common divisor of y and z?
2
Let r = -157 - -164. Calculate the highest common divisor of 35 and r.
7
Let d be (6/6)/((-2)/(-44)). Calculate the highest common factor of 33 and d.
11
Suppose -2*l - 2 = 4. Let t be 12 - (3 + l) - -1. What is the greatest common divisor of 26 and t?
13
Let c be (27/(-6))/(6/8). Let y = c - -25. What is the highest common divisor of y and 152?
19
Let m be (2/3)/(2/(-15)). Let f(p) = -4*p + 6. Let v be f(m). What is the highest common divisor of 13 and v?
13
Let h be (-24)/9*18/(-4). Let r = -30 - -42. What is the greatest common divisor of r and h?
12
Let r be (-3)/4 + (-5)/4. Let i be 6/9*3/r. Let l be (0 + i)/((-5)/35). What is the highest common factor of 21 and l?
7
Let t be 2 + 26 - 6 - (2 - -2). Calculate the greatest common factor of 2 and t.
2
Let g = 7 - 4. Let n = g + -3. Suppose -3*j + 2*o + 32 = n, -2*j + 3*j = o + 12. Calculate the highest common factor of 8 and j.
8
Let v = -22 + 53. What is the highest common divisor of 124 and v?
31
Let b be 2/(-9) + (-376)/(-72). Suppose -o = -b, 2*o + 5 - 35 = -p. Calculate the highest common factor of p and 80.
20
Suppose -3*d + 20 = d. What is the greatest common factor of d and 55?
5
Suppose -4*t = -2*z + 180, -2*t + 415 = 5*z - 5*t. Calculate the highest common factor of z and 10.
10
Let p(a) = 3*a**2 - 5*a - 4. Let t be p(-3). Let v be t/((3 + -11)/(-4)). What is the highest common factor of v and 171?
19
Let u = -23 + 13. Let j = u - -14. Suppose d - 56 = -j*k, -3*k - 6*d + 42 = -2*d. What is the greatest common factor of k and 2?
2
Let i be 2/(-4)*-9*-2. Let g(a) = a**3 + 9*a**2 - 2*a - 8. Let z be g(i). What is the highest common factor of z and 10?
10
Let p be (-2 - (-7)/3)/(2/36). Calculate the greatest common factor of p and 150.
6
Let v be 3 - (2 - (-2 + 11)). Calculate the greatest common divisor of 5 and v.
5
Let r = -45 + 46. What is the highest common factor of 1 and r?
1
Let g be (1116/(-14))/(3*1/(-21)). Calculate the greatest common factor of 62 and g.
62
Suppose 15*p = 12*p + 360. Let h be ((-18)/8)/((-6)/32). Calculate the highest common factor of p and h.
12
Suppose 2*r = -0*r - 4. Let g(b) = -7*b - 1. Let f be g(r). Suppose -5*d = -3*y - 582, 2*d + 5*y = 348 - 109. Calculate the greatest common divisor of d and f.
13
Let d(u) = -u**2 - 13*u + 34. Let i be d(-15). Let n be (-3)/(-5) + 188/20. Calculate the highest common divisor of i and n.
2
Let v be ((-2)/3)/((-2)/(-9)). Let l be 15 - (6/(-3) - v). Calculate the highest common divisor of 14 and l.
14
Suppose y + 9 = -16. Let k = 5 - y. Calculate the greatest common factor of 5 and k.
5
Let x(b) = b**3 - 9*b**2 + 8*b + 2. Let i be x(8). Calculate the highest common factor of i and 26.
2
Let y be 95/(-76) - 66/(-8). Suppose -4*w + 0*b = 2*b, -w + 3*b = 7. Let t be ((-42)/4)/(w/6). Calculate the greatest common factor of t and y.
7
Let x(u) = 19*u - 1. Let g be x(1). Let o = -2 + 5. Let d = 12 - o. Calculate the greatest common divisor of g and d.
9
Suppose 19 - 199 = -9*q. Suppose -4*c + 5*x = 436, 0 = x - 0*x. Let p = 159 + c. What is the greatest common divisor of p and q?
10
Let k(n) be the first derivative of n**4/4 + 8*n**3/3 + 5*n**2/2 + 10*n + 8. Let g be k(-7). Let a = 59 - -1. What is the greatest common divisor of a and g?
12
Let o = -76 - -82. What is the greatest common divisor of 24 and o?
6
Let q = -7 - -9. Let b = -4 - -18. What is the highest common factor of q and b?
2
Let u be (-1)/(((-3)/69)/1). Calculate the highest common divisor of u and 23.
23
Let o be (22 - 3) + (-4)/(-2). What is the highest common factor of o and 168?
21
Suppose -n = -2*z - 0 + 19, -z - n = -5. What is the greatest common factor of 6 and z?
2
Let h(i) = 3*i - 6. Let b(k) = -4*k - 2. Let q be b(-2). Let a be h(q). What is the greatest common factor of 24 and a?
12
Let c(f) = 2*f. Let j be c(1). Let p be (j - 4/1)*-7. Let s be (1 - (p - 0))*-11. Calculate the highest common factor of s and 13.
13
Let k = 9 + -2. Let j(m) = 5*m**2 - 4*m - m + 0 + 0*m - 4. Let a be j(-3). Calculate the greatest common divisor of a and k.
7
Let o = -8 + 8. Let c be (5 - o) + (-3 - -6). Let r be 62/3 + 4/(-6). Calculate the greatest common factor of r and c.
4
Suppose f - 144 = -7*f. Suppose 5*i - 3*d + d = 219, 5*d - 15 = 0. Let a = i - 18. What is the greatest common divisor of a and f?
9
Let c(x) = -2*x. Suppose -5*z - 5 + 0 = -2*q, 4*z + 4*q + 4 = 0. Let u be c(z). Suppose 0 = 2*y - y - 2. What is the highest common factor of y and u?
2
Let d(a) = 8*a**2 - 7. Let k be d(2). Calculate the greatest common divisor of k and 125.
25
Suppose -3*b + 2 = 2*c, -5*c = -2*c + 6. Suppose -b*w - 82 = -0*q - q, -2*q = -3*w - 159. Calculate the highest common factor of q and 9.
9
Suppose -s - 3*w + 21 = 0, 4*s + 2*w - w - 62 = 0. Suppose 13*d - s*d = -56. Calculate the highest common divisor of 4 and d.
4
Suppose 3*f = -3*k + 2*k + 10, 0 = 3*k + 3*f - 48. Let d(y) = -5*y - 6. Suppose 4 + 1 = -q. Let b be d(q). What is the highest common factor of b and k?
19
Suppose -2 = -o + 2*u, o = 3*o - 3*u. Let f be (-26)/(-3)*o/(-4). Calculate the greatest common divisor of f and 104.
13
Let l(f) = -f**2 - 5*f + 3. Let y be l(-4). Suppose x - 56 = -x. Suppose -x = -3*k - k. What is the greatest common factor of y and k?
7
Let x = -15 + 39. Calculate the greatest common divisor of 16 and x.
8
Let r = -13 - -22. What is the greatest common divisor of r and 63?
9
Let q(b) = 2*b - 3*b + 2 + 0. Let o be q(4). Let k(p) = 9*p**2 - 2*p. Let j be k(o). Calculate the greatest common factor of 5 and j.
5
Let x(r) = -r**2 - 4*r + 7. Let f be x(-5). Let s = -64 + 22. Let p be (4/(-6))/(f/s). Calculate the highest common divisor of 154 and p.
14
Let g(i) be the third derivative of i**6/120 + i**5/15 - i**4/3 - i**3 - 3*i**2. Let v be g(-5). Calculate the highest common divisor of 1 and v.
1
Suppose 0 = 3*l - 0*l + 4*x - 13, 3*l = 2*x + 7. Suppose 0 = -3*s + 22 - 4. What is the greatest common divisor of l and s?
3
Let l = -7 + 23. Suppose o = -3*o + l. Calculate the highest common divisor of 28 and o.
4
Suppose 4*n - 1278 = -2*o, 4*o + 0*o = 2*n - 634. What is the greatest common divisor of 29 and n?
29
Let h be 30/(-9)*(-36)/8. Let o = -